{"id":60,"date":"2018-02-16T15:06:44","date_gmt":"2018-02-16T14:06:44","guid":{"rendered":"https:\/\/ldf.mendelu.cz\/testhardis\/de\/?page_id=60"},"modified":"2020-04-14T14:48:07","modified_gmt":"2020-04-14T12:48:07","slug":"zum-projekt","status":"publish","type":"page","link":"https:\/\/valid.mendelu.cz\/","title":{"rendered":"Zum Projekt"},"content":{"rendered":"<p style=\"text-align: justify;\">Dieses Projekt verfolgt drei Ziele, und zwar (1) Aufbau und Erweiterung von Methodenkompetenz, (2) Erstellung einer Materialdatenbank sowie Prozessentwicklung f\u00fcr bio-basierte Reststoffe, sowie (3) die Etablierung des VALID CENTRE, einem Expertisezentrum f\u00fcr h\u00f6herwertige Verwendung biogener Reststoffe. VALID leitet sich aus \u201eAdded Value from Residuals\u201c ab und r\u00fchrt daher, dass in der Programmregion in sehr \u00e4hnlicher Weise grosse Mengen an Wert-Reststoffen aus der Bier-, Wein- und Holzproduktion anfallen und das mit einem steigenden Trend. Bisherige Verwertungswege sind meist geringwertig angelegt, wie die sehr h\u00e4ufig praktizierte energetische Verwertung (Verbrennung). Die Projektteams der Partnerl\u00e4nder arbeiten seit Jahren in diesem Fachbereich zusammen, haben international publiziert und nun werden weitere Partner hinzugezogen sodass ein Kompetenznetzwerk entsteht, das sich in seiner Analytik- und Prozesstechnologie-Ausstattung erg\u00e4nzt und neue M\u00f6glichkeiten kollaborativ umgesetzt werden. Das Konsortium ist breit aufgestellt und deckt die Bereiche Naturstoffchemie, Naturstofftechnologie, Prozesstechnologie sowie biotechnologische Verfahren ab. Damit k\u00f6nnen \u00fcberadditive Effekte in der Forschung erzeugt werden, was f\u00fcr das interdisziplin\u00e4re Projektthema von hoher Relevanz ist. Die Ergebnisse haben enormes Umsetzungspotential f\u00fcr die Industrie, mit Schaffung neuer Arbeitspl\u00e4tze, sowie f\u00fcr die regionale Entwicklung. Als Ergebnisse k\u00f6nnten Produkte wie bio-basierte Kleber aus Biertreber, Lignin-Nanopartikel, polyphenolische-Inhaltsstoffe aus Weintrester mit z.b. phytotoxischen Wirkungen, oder phenolische Holz-Extraktstoffe im Mittelpunkt stehen. Letztere k\u00f6nnen zur Funktionalisierung von z.B. geringerwertigen Holzarten bzw. Plattenwerkstoffe eingesetzt werden. Das Projekt ist fokussiert auf auf den Auf- und Ausbau von Forschungsinfrastruktur der Partner (insbesondere beschleunigte Extraktionsverfahren, hochspezifische Naturstoffanalyse, Partikel- und Fasercharakterisierung), wobei sich die Ausstattungen der Konsortial-Partner erg\u00e4nzen und somit die gemeinsamen M\u00f6glichkeiten erweitert werden. Das Kernkonsortium MENDELU und BOKU wird durch die strategischen Partner <a href=\"https:\/\/www.fh-krems.ac.at\/\">IMC FH Krems GmbH<\/a> sowie <a href=\"https:\/\/www.wood-kplus.at\/de\">Kompetenzzentrum Holz GmbH<\/a> erg\u00e4nzt, die wesentliche Expertisen im biotechnologischen Bereich bzw. in der Prozessentwicklung einbringen.<\/p>\n<p><img loading=\"lazy\" decoding=\"async\" class=\"size-large aligncenter\" src=\"https:\/\/rumex.mendelu.cz\/valid\/wp-content\/uploads\/2020\/04\/Noc-vedcu-2019_1-1024x498.jpg\" width=\"1024\" height=\"498\" \/><\/p>\n","protected":false},"excerpt":{"rendered":"<p>Dieses Projekt verfolgt drei Ziele, und zwar (1) Aufbau und Erweiterung von Methodenkompetenz, (2) Erstellung einer Materialdatenbank sowie Prozessentwicklung f\u00fcr bio-basierte Reststoffe, sowie (3) die Etablierung des VALID CENTRE, einem Expertisezentrum f\u00fcr h\u00f6herwertige Verwendung biogener Reststoffe. VALID leitet sich aus&#8230;<br \/><a class=\"read-more-button\" href=\"https:\/\/valid.mendelu.cz\/\">Mehr Lesen<\/a><\/p>\n","protected":false},"author":4,"featured_media":0,"parent":0,"menu_order":0,"comment_status":"closed","ping_status":"closed","template":"","meta":{"footnotes":""},"_links":{"self":[{"href":"https:\/\/valid.mendelu.cz\/index.php?rest_route=\/wp\/v2\/pages\/60"}],"collection":[{"href":"https:\/\/valid.mendelu.cz\/index.php?rest_route=\/wp\/v2\/pages"}],"about":[{"href":"https:\/\/valid.mendelu.cz\/index.php?rest_route=\/wp\/v2\/types\/page"}],"author":[{"embeddable":true,"href":"https:\/\/valid.mendelu.cz\/index.php?rest_route=\/wp\/v2\/users\/4"}],"replies":[{"embeddable":true,"href":"https:\/\/valid.mendelu.cz\/index.php?rest_route=%2Fwp%2Fv2%2Fcomments&post=60"}],"version-history":[{"count":26,"href":"https:\/\/valid.mendelu.cz\/index.php?rest_route=\/wp\/v2\/pages\/60\/revisions"}],"predecessor-version":[{"id":222,"href":"https:\/\/valid.mendelu.cz\/index.php?rest_route=\/wp\/v2\/pages\/60\/revisions\/222"}],"wp:attachment":[{"href":"https:\/\/valid.mendelu.cz\/index.php?rest_route=%2Fwp%2Fv2%2Fmedia&parent=60"}],"curies":[{"name":"wp","href":"https:\/\/api.w.org\/{rel}","templated":true}]}}